93, 617
List the prime factors of 325826.
2, 101, 1613
What are the prime factors of 634383?
3, 70487
What are the prime factors of 805277?
11, 19, 3853
List the prime factors of 601185.
3, 5, 13, 3083
What are the prime factors of 353355?
3, 5, 23557
List the prime factors of 927664.
2, 37, 1567
List the prime factors of 242901.
3, 137, 197
List the prime factors of 8934407.
29, 191, 1613
What are the prime factors of 934614?
2, 3, 137, 379
List the prime factors of 95555.
5, 29, 659
What are the prime factors of 2671652?
2, 17, 101, 389
List the prime factors of 1425471.
3, 23, 73, 283
List the prime factors of 8395726.
2, 89, 101, 467
What are the prime factors of 5885346?
2, 3, 109, 8999
What are the prime factors of 868317?
3, 289439
List the prime factors of 1544921.
7, 41, 769
What are the prime factors of 237532?
2, 43, 1381
List the prime factors of 859531.
29, 107, 277
List the prime factors of 23076875.
5, 36923
What are the prime factors of 1401819?
3, 37, 73, 173
List the prime factors of 130128.
2, 3, 2711
What are the prime factors of 26385365?
5, 131, 40283
List the prime factors of 73293.
3, 11, 2221
What are the prime factors of 1700179?
13, 130783
What are the prime factors of 280180?
2, 5, 14009
What are the prime factors of 393127?
7, 71, 113
What are the prime factors of 3133325?
5, 13, 31, 311
List the prime factors of 7076942.
2, 67, 52813
List the prime factors of 3606048.
2, 3, 19, 659
What are the prime factors of 15482208?
2, 3, 7, 23039
What are the prime factors of 1342104?
2, 3, 55921
What are the prime factors of 2272307?
877, 2591
What are the prime factors of 1609476?
2, 3, 11, 89, 137
List the prime factors of 121057.
17, 7121
List the prime factors of 1968991.
17, 115823
What are the prime factors of 1326653?
1326653
What are the prime factors of 285142?
2, 11, 13, 997
What are the prime factors of 4181326?
2, 683, 3061
What are the prime factors of 1035769?
7, 79, 1873
List the prime factors of 17799115.
5, 31, 114833
What are the prime factors of 1245685?
5, 7, 35591
What are the prime factors of 677371?
677371
What are the prime factors of 10895352?
2, 3, 13, 47, 743
List the prime factors of 1300716.
2, 3, 36131
List the prime factors of 45103.
23, 37, 53
List the prime factors of 2019170.
2, 5, 23, 8779
What are the prime factors of 4263155?
5, 13, 65587
What are the prime factors of 2653789?
2653789
List the prime factors of 2572998.
2, 3, 428833
List the prime factors of 1408275.
3, 5, 11, 569
List the prime factors of 7760051.
13, 596927
What are the prime factors of 157985?
5, 19, 1663
List the prime factors of 30529.
30529
List the prime factors of 491288.
2, 7, 31, 283
What are the prime factors of 21085697?
29, 271, 2683
List the prime factors of 2095709.
7, 11, 17, 1601
What are the prime factors of 611346?
2, 3, 101891
List the prime factors of 1024351.
23, 44537
What are the prime factors of 1214898?
2, 3, 19, 10657
What are the prime factors of 4452263?
43, 47, 2203
List the prime factors of 1122322.
2, 561161
List the prime factors of 102878.
2, 51439
List the prime factors of 17697143.
23, 433, 1777
List the prime factors of 250981.
419, 599
What are the prime factors of 703443?
3, 13, 17, 1061
What are the prime factors of 283803?
3, 13, 19, 383
List the prime factors of 10339029.
3, 23, 16649
What are the prime factors of 6762355?
5, 73, 97, 191
What are the prime factors of 3069526?
2, 19, 80777
List the prime factors of 85058.
2, 71, 599
List the prime factors of 475051.
475051
List the prime factors of 9093262.
2, 4546631
What are the prime factors of 454264?
2, 56783
List the prime factors of 1326719.
41, 32359
List the prime factors of 3456659.
1613, 2143
What are the prime factors of 332754?
2, 3, 31, 1789
What are the prime factors of 1443171?
3, 463, 1039
What are the prime factors of 20302235?
5, 43, 89, 1061
List the prime factors of 6934296.
2, 3, 288929
What are the prime factors of 2212188?
2, 3, 11, 16759
What are the prime factors of 14621?
14621
List the prime factors of 1111691.
7, 31, 47, 109
List the prime factors of 23599.
23599
List the prime factors of 13045165.
5, 7, 372719
What are the prime factors of 6738374?
2, 3369187
List the prime factors of 303682.
2, 151841
List the prime factors of 3245857.
3245857
List the prime factors of 1608971.
7, 13, 17681
What are the prime factors of 127714?
2, 63857
List the prime factors of 231657.
3, 37, 2087
List the prime factors of 3053141.
7, 13, 4793
List the prime factors of 2034596.
2, 19, 1409
List the prime factors of 23989221.
3, 2665469
List the prime factors of 220301.
220301
What are the prime factors of 4476228?
2, 3, 373019
What are the prime factors of 41758?
2, 20879
List the prime factors of 351455.
5, 13, 5407
List the prime factors of 1250.
2, 5
List the prime factors of 10523233.
7, 1503319
What are the prime factors of 2509755?
3, 5, 167317
What are the prime factors of 2201762?
2, 47, 59, 397
List the prime factors of 12703474.
2, 7, 907391
What are the prime factors of 33617837?
11, 359, 8513
List the prime factors of 37134212.
2, 2591, 3583
What are the prime factors of 358514?
2, 13, 13789
What are the prime factors of 978054?
2, 3, 7, 11, 29, 73
What are the prime factors of 17566524?
2, 3, 311, 523
What are the prime factors of 1976123?
251, 7873
What are the prime factors of 1139658?
2, 3, 13, 19, 769
List the prime factors of 3702925.
5, 73, 2029
What are the prime factors of 1721026?
2, 860513
What are the prime factors of 1406583?
3, 373, 419
List the prime factors of 2180442.
2, 3, 11, 33037
List the prime factors of 11515783.
17, 39847
What are the prime factors of 28518153?
3, 149, 63799
What are the prime factors of 12650?
2, 5, 11, 23
What are the prime factors of 530393?
530393
List the prime factors of 1838342.
2, 11, 83561
What are the prime factors of 5013976?
2, 11, 227, 251
List the prime factors of 311809.
19, 16411
List the prime factors of 4043289.
3, 1347763
List the prime factors of 20756755.
5, 4151351
List the prime factors of 663787.
663787
What are the prime factors of 141193?
13, 10861
What are the prime factors of 37231995?
3, 5, 97, 25589
List the prime factors of 409588.
2, 102397
What are the prime factors of 12475798?
2, 23, 367, 739
List the prime factors of 1035201.
3, 345067
List the prime factors of 23588018.
2, 23, 37, 13859
List the prime factors of 209530.
2, 5, 23, 911
List the prime factors of 1075357.
1075357
List the prime factors of 76898.
2, 38449
What are the prime factors of 113506?
2, 19, 29, 103
List the prime factors of 420834.
2, 3, 70139
List the prime factors of 282763.
13, 21751
What are the prime factors of 1268944?
2, 79309
What are the prime factors of 3649187?
71, 103, 499
List the prime factors of 836454.
2, 3, 139409
List the prime factors of 5520267.
3, 613363
What are the prime factors of 12835993?
41, 337, 929
List the prime factors of 4517748.
2, 3, 59, 709
List the prime factors of 11302848.
2, 3, 31, 211
List the prime factors of 10729.
10729
List the prime factors of 1522777.
101, 15077
List the prime factors of 307865.
5, 67, 919
What are the prime factors of 32751?
3, 1213
List the prime factors of 225653.
23, 9811
List the prime factors of 44739.
3, 1657
List the prime factors of 1075300.
2, 5, 10753
List the prime factors of 199875.
3, 5, 13, 41
What are the prime factors of 1495020?
2, 3, 5, 24917
What are the prime factors of 853992?
2, 3, 29, 409
List the prime factors of 42336116.
2, 10584029
List the prime factors of 2861867.
23, 124429
List the prime factors of 324834.
2, 3, 54139
What are the prime factors of 1597211?
7, 11, 20743
What are the prime factors of 19977813?
3, 59, 12541
List the prime factors of 15684915.
3, 5, 31, 89, 379
What are the prime factors of 167695?
5, 11, 3049
What are the prime factors of 159663?
3, 7, 7603
What are the prime factors of 3409334?
2, 503, 3389
What are the prime factors of 788118?
2, 3, 23, 5711
List the prime factors of 819732.
2, 3, 68311
What are the prime factors of 63443?
63443
What are the prime factors of 1895182?
2, 43, 22037
List the prime factors of 69885.
3, 5, 1553
List the prime factors of 4660487.
13, 358499
List the prime factors of 9459859.
239, 39581
What are the p